is the greatest common divisor of 179777 and 26?
13
Calculate the highest common divisor of 12164521 and 2939.
2939
Calculate the greatest common factor of 352 and 1957252.
44
What is the highest common factor of 1862453 and 118?
59
What is the greatest common divisor of 195910 and 66?
22
Calculate the highest common divisor of 36512 and 1316.
28
Calculate the greatest common factor of 32938 and 43.
43
Calculate the greatest common factor of 380 and 71.
1
What is the highest common factor of 150 and 55950?
150
Calculate the highest common factor of 264 and 1350.
6
What is the greatest common factor of 374 and 16388?
34
Calculate the highest common divisor of 26990 and 10.
10
Calculate the highest common divisor of 26 and 59488.
26
What is the greatest common factor of 46347 and 427?
7
What is the highest common factor of 1839381 and 657?
219
What is the highest common divisor of 5262675 and 825?
825
Calculate the greatest common factor of 9009 and 91.
91
Calculate the greatest common divisor of 395 and 2528.
79
Calculate the greatest common divisor of 26 and 666666.
26
Calculate the greatest common factor of 787824 and 540.
36
What is the greatest common factor of 201617 and 15717?
169
What is the highest common divisor of 362219 and 442?
221
Calculate the greatest common divisor of 78 and 286338.
78
Calculate the highest common divisor of 60192 and 297.
99
Calculate the greatest common factor of 2128 and 33040.
112
Calculate the highest common factor of 191126 and 468.
26
What is the highest common divisor of 437 and 11776?
23
What is the highest common divisor of 6 and 23586?
6
What is the greatest common factor of 3348729 and 3942?
1971
Calculate the greatest common factor of 2724 and 577942.
454
What is the highest common divisor of 250513 and 67?
67
Calculate the highest common divisor of 9078666 and 12.
6
Calculate the greatest common factor of 1219 and 851.
23
What is the greatest common factor of 188122 and 5984?
374
What is the greatest common divisor of 16151 and 81797?
521
What is the highest common divisor of 234 and 214416?
18
Calculate the greatest common divisor of 5 and 26.
1
Calculate the greatest common factor of 2747 and 26599.
67
What is the highest common divisor of 87 and 1055484?
87
What is the highest common factor of 35 and 1855?
35
What is the greatest common divisor of 1326 and 91?
13
What is the greatest common factor of 33 and 227931?
33
What is the greatest common factor of 3272 and 8?
8
Calculate the greatest common divisor of 32 and 4120.
8
What is the highest common factor of 651828 and 24?
12
What is the highest common factor of 306848 and 1024?
32
Calculate the highest common divisor of 2325 and 505300.
775
What is the highest common divisor of 9322 and 632?
158
What is the greatest common factor of 564 and 54084?
12
Calculate the greatest common factor of 305 and 1098.
61
Calculate the highest common divisor of 440 and 2684440.
440
Calculate the highest common factor of 8976 and 10560.
528
Calculate the highest common divisor of 33 and 6595248.
33
What is the highest common factor of 100 and 26950?
50
Calculate the greatest common divisor of 16 and 932.
4
What is the highest common factor of 116106 and 444?
222
What is the highest common divisor of 134 and 14137?
67
Calculate the greatest common divisor of 4600 and 8150.
50
Calculate the greatest common factor of 1080 and 76.
4
Calculate the greatest common factor of 101926 and 594154.
2486
Calculate the highest common divisor of 6 and 1057197.
3
Calculate the greatest common factor of 89624 and 85.
17
What is the greatest common divisor of 46656 and 92583?
729
What is the greatest common divisor of 1421981 and 1006?
503
What is the highest common factor of 2647 and 50?
1
Calculate the greatest common divisor of 364 and 4817.
1
What is the highest common divisor of 490 and 487270?
70
Calculate the greatest common divisor of 940 and 578288.
188
Calculate the greatest common divisor of 918 and 1122.
102
Calculate the highest common divisor of 57 and 18962.
19
Calculate the highest common divisor of 137967 and 3.
3
What is the greatest common factor of 5968 and 2546844?
1492
Calculate the highest common factor of 1224 and 7488.
72
Calculate the highest common factor of 4167 and 4630.
463
Calculate the highest common factor of 349 and 317939.
349
What is the highest common factor of 5455801 and 2847?
949
Calculate the greatest common factor of 224 and 7472.
16
Calculate the highest common divisor of 2338853 and 6556.
1639
Calculate the highest common divisor of 692602 and 124.
62
Calculate the greatest common factor of 157026 and 6.
6
What is the highest common factor of 5842 and 3726?
46
Calculate the greatest common divisor of 45 and 2310.
15
What is the greatest common factor of 651267 and 54?
27
What is the highest common factor of 58394 and 53879?
301
What is the greatest common factor of 36 and 412866?
18
What is the highest common divisor of 66266 and 34?
34
What is the greatest common divisor of 60570 and 144?
18
What is the greatest common divisor of 30 and 10545?
15
What is the highest common factor of 96976 and 608?
304
What is the greatest common factor of 797 and 3231038?
797
Calculate the highest common factor of 8624 and 1960.
392
What is the highest common factor of 116028 and 8?
4
Calculate the highest common factor of 91448 and 161.
161
Calculate the greatest common factor of 10952 and 17982.
74
Calculate the highest common factor of 12050 and 150.
50
What is the highest common factor of 16296 and 98?
14
Calculate the highest common divisor of 24768 and 53148.
516
Calculate the highest common factor of 1470 and 52626.
294
What is the highest common divisor of 10346 and 33278?
14
Calculate the highest common divisor of 181793 and 107.
107
What is the greatest common divisor of 297 and 19107?
99
Calculate the highest common factor of 365 and 245.
5
What is the greatest common divisor of 5631864 and 1176?
1176
Calculate the greatest common divisor of 17032 and 72.
8
Calculate the greatest common divisor of 6 and 55479.
3
What is the greatest common divisor of 11729 and 592?
37
What is the greatest common factor of 5559086 and 676?
338
What is the greatest common factor of 3505283 and 661?
661
What is the highest common factor of 142 and 15975?
71
Calculate the highest common divisor of 66365 and 39.
13
Calculate the highest common factor of 77922 and 16354.
962
What is the greatest common divisor of 2045 and 335789?
409
What is the highest common divisor of 612550 and 350?
50
What is the greatest common divisor of 4867 and 142?
1
What is the highest common divisor of 48739 and 1088?
17
Calculate the greatest common divisor of 427922 and 3498.
1166
What is the greatest common factor of 666954 and 288?
18
What is the greatest common factor of 114158 and 22?
22
What is the greatest common factor of 9010520 and 80?
40
What is the highest common divisor of 2100 and 35400?
300
What is the highest common divisor of 325 and 57473?
13
What is the greatest common divisor of 1290592 and 16?
16
What is the greatest common divisor of 20445 and 4524?
87
What is the greatest common divisor of 1441 and 1049572?
131
Calculate the highest common factor of 2040465 and 140.
35
Calculate the greatest common divisor of 1125 and 207.
9
What is the greatest common factor of 16966 and 510?
34
Calculate the greatest common divisor of 998476 and 299.
23
What is the greatest common factor of 16926 and 1456?
182
What is the greatest common divisor of 43667 and 156?
13
What is the highest common factor of 72333 and 969?
57
What is the greatest common factor of 306 and 833391?
153
Calculate the highest common divisor of 20 and 257616.
4
What is the greatest common divisor of 1528 and 16999?
191
What is the highest common divisor of 133228 and 19?
19
Calculate the greatest common factor of 36 and 145602.
18
Calculate the highest common factor of 162 and 318411.
81
What is the greatest common factor of 2673 and 229977?
99
What is the greatest common factor of 91 and 532987?
91
Calculate the highest common divisor of 628768 and 84.
28
What is the highest common divisor of 18 and 1116?
18
What is the greatest common divisor of 34 and 79050?
34
What is the greatest common divis